c**2 + 3 - 7*c**2. Give a(-5).
-2
Let s be -1 + 0 - 21/(-1). Let i = s - 12. Let k(l) = i - 1 + 14*l**3 - 15*l**3. Give k(0).
7
Suppose n + 4 = 3*n. Let o(k) = 0*k + 0*k - n*k + 2*k**2 - 1. Let d be (-2 - (-9)/6)*-4. Give o(d).
3
Let x(j) = 8*j - 29. Let f(z) = 3*z - 10. Let c(m) = -11*f(m) + 4*x(m). Let o(a) = 4*a + 5. Let i be o(-2). Give c(i).
-3
Let m be (-1)/((-2)/4*-2). Let j(q) be the third derivative of -q**4/3 + 2*q**2. Give j(m).
8
Let m(t) = -t**3 - 5*t**2 - 3*t + 4. Suppose -u = -0*u + 2*x, -3*x = -u - 20. Let r = u + 5. Give m(r).
-5
Suppose 42*l = 37*l - 25. Let i(x) = -5*x - 3. Determine i(l).
22
Let t(f) = -1 + 1 + f - 1. Suppose -w + 2*b = 3*w - 18, -2*w = 3*b - 13. Determine t(w).
4
Let c be (-2)/6 + (-24)/9. Let b = 2 - -1. Let j(u) = -u**b - 2*u**2 + 0*u**2 + 7*u - 2 - 4*u. What is j(c)?
-2
Let j(p) be the third derivative of p**5/60 + p**4/3 - p**3/2 + p**2. Let b be j(-9). Let a(q) = -q**2 + 6*q - 2. What is a(b)?
-2
Let j(n) = n - 6. Let z be (9/15)/((-2)/10) + 9. Give j(z).
0
Let k(c) = -5*c**2 + 4*c + 6. Let r(h) = -4*h**2 + 4*h + 5. Let u(f) = -3*k(f) + 4*r(f). What is u(3)?
5
Let q(s) = -s**3 - 2*s**2 + s - 1. Suppose m - 2*c = -6*c + 10, 4*c - 12 = -2*m. Suppose m*w - 3 = -9. Determine q(w).
5
Let l be (5 - -3)/2 + -2. Suppose 0 = l*k - 8 - 8. Let t(i) = 3 + i**3 - i + k - 4. What is t(0)?
7
Let k(w) = -w**2 - 7*w + 1. Let f be k(-6). Suppose s = -3*y, 0 = 3*s - 7*s - 5*y + f. Let v(h) = 5*h**3 + 4*h**2 + 2*h - 4*h**s - 4 - h. Determine v(-3).
2
Let m(a) = 11*a - 204. Let y be m(19). Let h(z) = -1. Let c(g) = g - 11. Let q(u) = c(u) - 5*h(u). What is q(y)?
-1
Let d(l) be the third derivative of -l**6/120 + l**5/10 + l**2. Let h = -79 + 85. Give d(h).
0
Let m = 7 - 5. Let b(k) = k**m + 0 - 3*k + 3 - 5. Suppose 15 - 2 = -2*t + 3*c, 0 = 5*t - 2*c + 16. Determine b(t).
8
Suppose 4*h + 0 + 12 = 0. Let g(n) = -3*n**2 - n + 5*n + 4*n**2 - 2 + 0*n. Calculate g(h).
-5
Let m(t) = t**3 - t**2 - t - 1. Let n be m(2). Let p(c) = 5*c**2 + 4*c. Let i(u) = -9*u**2 - 9*u. Let z(w) = -4*i(w) - 9*p(w). Give z(n).
-9
Let a(s) = 7*s**3 + 11*s**2 + 9. Let i(o) = -6*o**3 - 10*o**2 - 8. Let n(w) = -5*a(w) - 6*i(w). Give n(-5).
3
Let i = 40 + -19. Suppose -i = -4*z - h, 0*z + 24 = 5*z - h. Let r(p) = p**3 - 5*p**2 - p + 7. Calculate r(z).
2
Let v be (3/15)/(1/5). Let c(l) = 0*l + 1 + v - l. Let p(w) = -w - 5. Let m be p(-3). Give c(m).
4
Let l = -17 + 16. Let r(y) = -9*y + 1. Give r(l).
10
Let c(d) = 10*d. Let p(j) = -j - 1. Let b(o) = c(o) - p(o). Determine b(1).
12
Let k(q) be the second derivative of 1/12*q**4 + 1/3*q**3 + q - 3/2*q**2 + 0. Suppose 4*c - 2*l + 10 = -c, -3*l = -c + 11. Calculate k(c).
5
Let x(a) be the first derivative of a**4/4 + 4*a**3/3 - 2*a**2 + 2*a + 1. What is x(2)?
18
Let b(h) be the third derivative of h**5/60 - 5*h**4/24 + h**3/3 + 5*h**2. Let x be b(4). Let z(o) = -o + 2. What is z(x)?
4
Let d(h) = -11*h**2 + 12*h + 4. Let w(f) = 7*f**2 - 8*f - 3. Let q(b) = -5*d(b) - 8*w(b). Let v be q(4). Let z(i) = 3*i**2 - i - 1 - 3*i - 2*i**2. What is z(v)?
-1
Let l(a) = 3*a - 2. Let t = 17 - 11. Let d(j) = -4*j + 3. Let h(z) = t*l(z) + 5*d(z). Give h(-4).
11
Suppose 0*b - 24 = -4*b. Let l(s) = -s**3 + 5*s**2 + 4*s + 7. Calculate l(b).
-5
Let k(x) be the first derivative of 3 + x - 1/3*x**3 + 5/2*x**2. Give k(3).
7
Suppose -2*n - 19 = -4*h - n, 35 = 5*h + n. Let b(c) = -h*c + 1 - c + 17*c. What is b(1)?
11
Let k(z) = z**3 + 7 + 3*z + z + z + 3*z + 8*z**2. Calculate k(-7).
0
Let s(y) be the second derivative of 0 - 1/20*y**5 - 7/12*y**4 - 4*y - 5/6*y**3 + 0*y**2. What is s(-6)?
-6
Suppose 0 = -4*r + 13 + 7. Suppose -4*d = -2*h - 4, -r*d = -2*h - 3 - 0. Let s(v) be the second derivative of v**3/6 + 3*v**2/2 - 5*v. Calculate s(h).
-1
Let c(t) = -19*t**2 + 38*t**2 - 18*t**2 - 7*t. Let b(f) = 4*f**2 - 4 - f - 3*f**3 + 2*f**3 + 3. Let s be b(3). Give c(s).
-10
Let m(k) = -k**3 + 10*k**2 + 11*k + 1. Let b be m(11). Let h(v) = -3*v - 5 - b + 4*v. Determine h(6).
0
Let b(k) be the third derivative of k**5/15 + k**4/12 - k**3/6 - k**2. Give b(1).
5
Let n be ((-12)/9)/(1/3). Let m(x) be the first derivative of 2*x**2 - 2 - 3*x + 5/3*x**3 + 1/4*x**4. Determine m(n).
-3
Let z(p) = 12*p + 5*p**2 + 0*p**3 - 3*p - 2*p - 9 - p**3. Give z(6).
-3
Let z(n) = -n. Let v be z(-6). Let g(m) = 1 + v*m + 0*m - 5*m. Determine g(-5).
-4
Let f(i) = -i**3 - 5*i**2 + 4*i + 4. Let u be (3 - 0)*30/(-18). Determine f(u).
-16
Let l(z) = -5*z - 11. Let x(s) = -3*s - 7. Let j(n) = 5*l(n) - 8*x(n). What is j(-6)?
7
Let l(n) be the third derivative of -n**6/120 - n**5/12 + 7*n**4/24 + 7*n**3/6 + 13*n**2. What is l(-6)?
1
Let b(s) = 5*s + 26. Let c(v) = -2*v - 9. Let f(l) = 3*b(l) + 8*c(l). Give f(-6).
12
Let a(q) be the first derivative of -q**3/3 + 7*q**2/2 + 13*q - 12. Give a(9).
-5
Suppose 0 = 2*x - 3 - 3. Let v(l) = -2*l**3 + x*l**2 - 3 - 5*l**3 + 6*l**3. Determine v(3).
-3
Suppose -13*b + 10*b = 0. Let l(s) = -s + 11. Determine l(b).
11
Let i(z) = -z**3 - 5*z**2 + 5*z - 5. Let d = -10 - -17. Let q(r) = r**3 - 6*r**2 - 8*r + 1. Let o be q(d). Determine i(o).
1
Let j(i) = i**3 - i**2 - i + 1. Suppose 3*x - 4*g + 12 + 2 = 0, 2*g - 4 = 3*x. What is j(x)?
3
Let b be -6 + (-1 - (1 - 1)). Let u(l) be the first derivative of -l**2/2 + 18. Give u(b).
7
Let g(a) = -a**2 - 1. Let j(w) = -w**3 - 2*w**2 + 2*w + 3. Let r(q) = -g(q) - j(q). Determine r(-3).
4
Let m(n) be the third derivative of n**4/24 + 5*n**3/6 + 4*n**2. Give m(-4).
1
Let d be (-1 + 1)/2 - -2. Let k(h) be the second derivative of h**5/20 - h**4/12 - h**3/6 + h**2/2 - 9*h. Determine k(d).
3
Let b(p) = p**2 - 11*p + 21. Let d be b(3). Let a(w) be the first derivative of -w**2 + 4*w + 1. What is a(d)?
10
Let k(g) = g**3 + g**2 - 4*g - 9. Let b(o) = o**2 - o - 1. Let s(w) = 5*b(w) - k(w). Let t = 4 + -10. Let d be (2*2)/(t/(-6)). Calculate s(d).
0
Let a(u) = u + 7 + 2*u - 4*u. Let b = 8 + -4. What is a(b)?
3
Suppose 0*g = -2*g. Let p(x) = g*x + 3 - x + 3*x. Let h(s) = -s**2 + 6*s - 5. Let q be h(6). Calculate p(q).
-7
Suppose 0 = 10*o - 8*o + 6. Let f(g) = -3*g - 1. Determine f(o).
8
Let x(v) be the third derivative of v**4/24 - 2*v**3/3 - v**2. Calculate x(5).
1
Let b be 3/((-2)/(-8)*6). Suppose n = b, 3*f - n + 0*n = 13. Let a(s) = -s. What is a(f)?
-5
Let i(j) = j**3 + 6*j**2 + j + 2. Suppose 5*b - 4 = k, 3*k - 3*b = -0*b. Suppose -11 = 2*z + k. What is i(z)?
-4
Let s(b) = b**3 + b + 1. Let f(a) = -2*a**3 - 3*a**2 - 6*a. Let u(h) = f(h) + 3*s(h). Suppose 0 = -4*t + t - 18. Let i be t/(-2)*4/3. Give u(i).
7
Let s(t) = t - 1. Let a be s(-4). Let h(p) be the third derivative of -p**4/12 - 5*p**3/6 + p**2. Give h(a).
5
Let r(b) be the third derivative of b**5/60 + b**4/6 - 7*b**3/6 + 4*b**2. Let q(o) = -o. Let u be q(5). Give r(u).
-2
Let r(z) = -2*z**2 - 6*z - 2. Let x(b) = -3*b**2 - 12*b - 5. Let k(y) = -5*r(y) + 3*x(y). What is k(6)?
-5
Let d = 23 + -26. Let i(b) = b**2 + 4*b - 1. What is i(d)?
-4
Let m(u) = -u**3 + 4*u**2 - u + 2. Let b = -46 + 49. Give m(b).
8
Let o be 1/4 + (-105)/(-28). Let h(d) = -d - 1 + o + 1. Determine h(6).
-2
Let f = 7 + 0. Let r be (-45)/(-4) - (-1)/(-4). Let i = r - f. Let j(q) = -q**3 + 4*q**2 + 4. Determine j(i).
4
Let q(m) be the third derivative of -5*m**4/8 + 4*m**2. What is q(1)?
-15
Suppose 7*n = 2*n + 5. Let z(f) = 6*f + 3. Let b(k) = -11*k - 7. Let c(w) = -2*b(w) - 5*z(w). Give c(n).
-9
Let j = 9 - 4. Let m = -3 + j. Let d(g) = 3*g - g**2 + 8*g**2 - 9*g**2. Determine d(m).
-2
Let u(r) = 1 + 15*r + 1 + 1 - 18*r - r**3 + r**2. Determine u(2).
-7
Suppose -u + 6*u + 10 = 0, 4*j - u - 2 = 0. Let k(z) = z**2 + z + 4. Give k(j).
4
Suppose g - 4*m = 19, 2*m + 2 = -4*g - 12. Let r(u) = u**2 + u. What is r(g)?
0
Let p(s) = s - 3. Let c be (40/(-3))/(5/(-30)). Suppose -2*l + c = 2*l. Suppose -4*n + l = -0*n. Determine p(n).
2
Suppose -3 + 9 = -i - 2*n, -3*i - 4*n = 10. Suppose -2*g + 16 = i*g. Suppose o = -g*o - 15. Let u(t) = -3*t - 3. Give u(o).
6
Let a be ((-75)/(-5))/(-1 - -2). Let p(i) = 6*i + 20*i**2 - i**3 - a*i**2 + 0*i**3 - 5. Determine p(6).
-5
Let v(r) = -4*r**2 + 1. Suppose -3*o - 44 + 41 = 0. Determine v(o).
-3
Let l(z) be the first derivative of -z**2/2 + 2*z - 4. Suppose -5*f - 20 - 10 = 0. Calculate l(f).
8
Let n(g) be the first derivative of g**4/4 + 2*g**